{"id":353,"date":"2022-05-26T01:36:05","date_gmt":"2022-05-26T01:36:05","guid":{"rendered":"https:\/\/www.hya-corp.net\/desarrollo\/?post_type=product&#038;p=353"},"modified":"2022-05-28T04:29:59","modified_gmt":"2022-05-28T04:29:59","slug":"hyacorp-mlf-1","status":"publish","type":"product","link":"https:\/\/www.hya-corp.net\/desarrollo\/producto\/hyacorp-mlf-1\/","title":{"rendered":"HYAcorp MLF 1"},"content":{"rendered":"<h3>Indicaciones:<\/h3>\n<ul>\n<li>manos, pantorrillas, deformidades concavas del cuerpo.<\/li>\n<\/ul>\n<h3>Beneficios:<\/h3>\n<ul>\n<li>Remodelacin y restauraci\u00f3n delvolumen y el contorno perdidos.<\/li>\n<\/ul>\n<h3>Contenidos:<\/h3>\n<ul>\n<li>conentracion por ML AH no reticulado: 2MG<br \/>\nAH reticulado: 20mg<br \/>\nAlconsejadacanula 22g<\/li>\n<li>\u00a0duraci\u00f3n: hasta 18 meses<br \/>\ntama\u00f1o de la jeringa 10.0ml<\/li>\n<li>estabilizaci\u00f3n: Si<\/li>\n<li>profundidad de la inyeccion hipodermis.<\/li>\n<\/ul>\n<h3>Informac\u00edon Adicional:<\/h3>\n<p>*Solo valores experimentales. La duraci\u00f3n depende de varios factores {lugar de la inyecci\u00f3n, profundidad de la inyecci\u00f3n, equipo enzim\u00e1tico del paciente) y por lo tanto es individual. 20<br \/>\n**Estabilizaci\u00f3n por entrecruzamiento con el BDDE. En HYAcorp la especificaci\u00f3n de BDDE es de &lt;0,001 mg\/ml<\/p>\n","protected":false},"excerpt":{"rendered":"<p>HYAcorp MLF1\u00a0 esta especialmente dise\u00f1ado para el modelado y el contorno corporal. Para manos, gl\u00fateos, correci\u00f3on de deformidades c\u00f3ncavas, pantorrilla.<\/p>\n","protected":false},"featured_media":185,"template":"","meta":[],"product_cat":[20],"product_tag":[19],"_links":{"self":[{"href":"https:\/\/www.hya-corp.net\/desarrollo\/wp-json\/wp\/v2\/product\/353"}],"collection":[{"href":"https:\/\/www.hya-corp.net\/desarrollo\/wp-json\/wp\/v2\/product"}],"about":[{"href":"https:\/\/www.hya-corp.net\/desarrollo\/wp-json\/wp\/v2\/types\/product"}],"wp:featuredmedia":[{"embeddable":true,"href":"https:\/\/www.hya-corp.net\/desarrollo\/wp-json\/wp\/v2\/media\/185"}],"wp:attachment":[{"href":"https:\/\/www.hya-corp.net\/desarrollo\/wp-json\/wp\/v2\/media?parent=353"}],"wp:term":[{"taxonomy":"product_cat","embeddable":true,"href":"https:\/\/www.hya-corp.net\/desarrollo\/wp-json\/wp\/v2\/product_cat?post=353"},{"taxonomy":"product_tag","embeddable":true,"href":"https:\/\/www.hya-corp.net\/desarrollo\/wp-json\/wp\/v2\/product_tag?post=353"}],"curies":[{"name":"wp","href":"https:\/\/api.w.org\/{rel}","templated":true}]}}